= 0, -5*t + t + a = p*z. List the prime factors of t.
13
Let a(k) = -k + 11. Let p be a(-9). Suppose p = l - 2. List the prime factors of l.
2, 11
Let r = -12 + 27. Let u = 15 - r. Let z(n) = n**3 - n**2 + 12. What are the prime factors of z(u)?
2, 3
Let b = 26 - 47. Let n = -19 - b. Suppose -3*v - 5*d + 55 = -33, -d = n*v - 61. List the prime factors of v.
31
Suppose 0 = a - t - 2, -5*a + 14 = 3*t - 20. List the prime factors of -10*(4/5 - a).
2, 3, 7
Let i = 31 - 46. Let x = 27 - -3. Let u = i + x. What are the prime factors of u?
3, 5
Let v be (-5076)/(-33) - (2 + 120/(-55)). Suppose -3*k + 218 = -v. List the prime factors of k.
2, 31
Let w(i) = -126*i - 203. What are the prime factors of w(-21)?
7, 349
Suppose -291 = -23*i + 20*i + 3*y, 2*i + 2*y = 202. List the prime factors of i.
3, 11
Let d = -517 - -1004. List the prime factors of d.
487
Suppose -5*o - 22*r + 21*r + 1682 = 0, 0 = -3*o - 2*r + 1005. What are the prime factors of o?
337
Let m be (-30)/(((-17)/(-51))/(0 - -1)). Let w = m + 300. What are the prime factors of w?
2, 3, 5, 7
Suppose 2*v + 1586 = 4*r, -4*v = -6 - 6. List the prime factors of r.
2, 199
Suppose 0 = 198*v - 206*v + 880. What are the prime factors of v?
2, 5, 11
Suppose -3 = 3*z + 6. Let s be 54/z*-3 - 0. Let y = s - 21. What are the prime factors of y?
3, 11
Suppose -30*w + 5151 + 19359 = 0. List the prime factors of w.
19, 43
Suppose -8*t = -42*t + 44030. What are the prime factors of t?
5, 7, 37
Suppose -4*i + 2216 = -4*s, -4*s + 8*s = -4*i + 2184. What are the prime factors of i?
2, 5, 11
Suppose 5798 = 14*h - 7348. What are the prime factors of h?
3, 313
Let y be (-9 + 6)*(0 + (-4)/3). List the prime factors of (93/y)/((3/(-8))/(-1)).
2, 31
Suppose 4*y - 6*y + 4 = 0. Suppose 0 = -c - y - 2. List the prime factors of 3/c + (-527)/(-68).
7
Let z = 637 - 148. Suppose -z = -17*c + 14*c. What are the prime factors of c?
163
Let v(h) = 4*h**2 + 3 - 6*h**2 + 5*h + 3*h**2. Let u be v(-5). Suppose -q - l + 33 = 0, -u*l = -3*q - 2*l + 119. List the prime factors of q.
2, 19
Suppose -4*i + 171 = 4*h + i, -5*h + 192 = -i. Suppose -5*s + h = 24. What are the prime factors of s?
3
Suppose 4*h + 4*t = 112 + 104, -276 = -5*h + t. Suppose -b + h = -4*a - 160, -4*a + 900 = 4*b. List the prime factors of b.
223
Suppose 56 - 164 = -3*r. Let n = r - 52. What are the prime factors of (-5)/(-15) + n/(-6)?
3
Suppose -16*x + 1988 = -5308. List the prime factors of x.
2, 3, 19
Suppose -1148 = -2*r + 4*m, -6*r - 2*m + 558 = -5*r. List the prime factors of r.
2, 283
Let j be 16/6*(-4 + 44/8). What are the prime factors of j + -5 + 6 + 262?
3, 89
Suppose -2*a + 8*h - 1 = 3*h, 0 = -a - 5*h + 22. Let z = 18 - a. What are the prime factors of z?
11
Let g(n) = -n**3 + 7*n**2 - 6*n + 3. Let m be g(5). Let h = 27 - m. Suppose -2*s + 32 - 94 = -4*u, 4*s + h = 0. What are the prime factors of u?
3, 5
Let t(g) = -g**3 + 15*g**2 + 2*g - 20. What are the prime factors of t(6)?
2, 79
Let p(i) = 131*i**2 - 3*i - 6. List the prime factors of p(3).
2, 3, 97
What are the prime factors of (0 + -256 + -1)*-1?
257
Let f(l) be the second derivative of -2*l**3 - 7*l**2 + 2*l. List the prime factors of f(-5).
2, 23
Suppose -16*u + 15 = -15*u. Suppose 0 = 5*r - 2*r - u. Suppose 0 = -2*g + 5*x + 24, 0 = -2*g + 6*g + r*x - 108. What are the prime factors of g?
2, 11
Suppose -2*r + 1 = -7. Suppose 0*h - 3*c = -3*h - 9, h - 17 = -r*c. Let g(d) = 16*d**2 - 1. What are the prime factors of g(h)?
3, 5
Suppose 14*f - 18*f = 0. Let p be (1 - 3 - -4) + f. Suppose g + 105 = 5*a - p*g, -4*g = -20. List the prime factors of a.
2, 3
Let z be 4 + 5/((-5)/3). Let p be (1 + 6 + -3)/z. Suppose -4*m = -3*m + 4*c - 10, 0 = 2*m + p*c - 12. List the prime factors of m.
2
Suppose 7*v + v + 536 = 0. Let x = 188 + v. List the prime factors of x.
11
Suppose 2*r - 7*r + 188 = 4*k, -94 = -2*k - 4*r. Suppose 0 = 13*j - 23 - 3. Suppose 0 = -4*y - 5*h + 63, -j*y + y + 5*h = -k. List the prime factors of y.
2, 11
Let o(r) = r - 7. Let d be o(4). Let t be (-1 - d)*(6 + -5). List the prime factors of ((-20)/30)/(t/(-87)).
29
Let b(f) = 6*f - 9. Suppose -41 = -23*m + 258. List the prime factors of b(m).
3, 23
Let l(a) = 3*a**3 - a**2 - 8. Suppose 48 = 9*o + 3*o. List the prime factors of l(o).
2, 3, 7
Let u = -1613 - -2507. Suppose 0 = 28*r - 22*r - u. List the prime factors of r.
149
Let l = 155 + 526. What are the prime factors of l?
3, 227
Suppose -8*a = -5*a - 9. Let w(t) = 11*t**2 - 22*t**2 + 12*t**2 + t**a + 2 - 5*t. What are the prime factors of w(4)?
2, 31
Let z(j) = 2*j - 12. Let i(u) = -u**2 - 7*u + 6. Let h be i(-7). Let t be z(h). Suppose -2*v = t, 5*q - v = 4*v + 55. What are the prime factors of q?
11
Let u(t) = -t**2 - 9*t - 18. Let n be u(-6). Suppose 2*a = 5*v + 5*a - 431, -2*v - 3*a + 176 = n. What are the prime factors of v?
5, 17
Let l = 104 + -87. Suppose r - 35 = l. List the prime factors of r.
2, 13
Suppose 3*c + 5*b - 10 = 0, 4*c + 1 = -2*b + 5. Let m be 2 - (2 + (c - 1)). Let f(q) = 67*q**2 - 1. What are the prime factors of f(m)?
2, 3, 11
Suppose 3*d - 55 = x, 0 = -2*x + 6*x + 4. Suppose 5*b + 4*i + d - 173 = 0, 4*b + 3*i = 125. List the prime factors of b.
5, 7
Let z(g) be the third derivative of g**4/6 + 13*g**3/6 - 8*g**2. List the prime factors of z(14).
3, 23
Let j(q) = 2*q + 1. Let b(x) = 2*x + 1. Let m(p) = 6*b(p) - 5*j(p). What are the prime factors of m(19)?
3, 13
Let l(i) = -4*i - 15. Suppose 0 = -2*a + 2*u + 22, 4*u = a + 7*u - 3. Let n = a + -16. What are the prime factors of l(n)?
13
Suppose -4*g + 2*h + 8 = 0, 3*h - 11 = 1. Suppose -3 = -g*p + 13. Suppose 4*v - 5 - 103 = -p*d, -71 = -3*d + 2*v. What are the prime factors of d?
5
Let a(t) = -t**3 - 6*t**2 - 8*t - 8. Let v be a(-4). Let b be (-60)/v*6/9. Suppose b = -2*w + 41. What are the prime factors of w?
2, 3
Suppose 288 + 1908 = 3*b + 5*h, 5*h = -2*b + 1459. What are the prime factors of b?
11, 67
Suppose a - 2479 = -5*u, -2*u - 69 = -61. List the prime factors of a.
3, 7, 17
What are the prime factors of 64/48*9/(-2) + 56?
2, 5
Let u be -4 - (0 - 0)/(-1). List the prime factors of u - -2*(-35)/(-2).
31
Let y(a) be the first derivative of 3 - 3*a + 1/2*a**2 + 1/4*a**4 + 2*a**3. What are the prime factors of y(-4)?
5
Let o(s) = 45 - 11*s - 6 - 19. List the prime factors of o(-5).
3, 5
Let h(m) = m**2 - 3*m + 4. Let c be h(3). Suppose -p - p - 2*n = -96, -n + 195 = c*p. Suppose -4*b + 27 = -p. What are the prime factors of b?
19
Suppose 2819 = -17*u + 19*u + 3*t, 0 = -2*u + t + 2839. What are the prime factors of u?
13, 109
Let l be (1 + -1)/(-2 + -1). What are the prime factors of 66 + (0 - -1) + l?
67
Suppose 43*k - 92 = 39*k. Let y(x) = 8*x - 4. Let d be y(3). Let i = k - d. What are the prime factors of i?
3
Let y be (-3 + 12/(-3))*-1. Suppose -y*g = -2*g + 15. Let j = 14 + g. What are the prime factors of j?
11
Let x(q) = -2*q**2 - 4*q - 5. Let l(t) = -6*t**2 - 12*t - 16. Let d(f) = 2*l(f) - 7*x(f). List the prime factors of d(-4).
19
Let f = -513 - -778. Let n = f + -189. What are the prime factors of n?
2, 19
Let c = -2 + 7. Suppose -488 = -3*r - c*w, 0 = 2*r + 4*w - 75 - 253. Suppose -221 = -5*b - 2*i - 2*i, -4*b + r = -2*i. List the prime factors of b.
41
Suppose 0 = 8*j - 2*j - 2712. List the prime factors of j.
2, 113
Suppose 64 = 4*s - w - 17, 3*w = 9. Let i = 14 - s. Let o(n) = -6*n - 12. List the prime factors of o(i).
2, 3, 5
Suppose 584 = -4*b - 2*w, -2*w + 1 = 5. Let i = 12 - b. List the prime factors of i.
157
List the prime factors of 13226/4 + (-312)/(-208).
2, 827
Let f(r) = r. Suppose -3*b - 4*m + 14 = 0, -4*m = -3*b - m. Suppose 4*z - 26 + b = 0. What are the prime factors of f(z)?
2, 3
Suppose -12*q = -4*q - 12416. List the prime factors of q.
2, 97
Suppose 4*m = 3*s + 5, -4*s + 4 = -m - 11. Suppose s*f - 5*h - 251 = 129, -228 = -3*f + 2*h. List the prime factors of f.
2, 19
Let j = 64 + -41. Let r = j + 5. What are the prime factors of r?
2, 7
Suppose -a - 25 = 11. Let r be 8/a + (-58)/(-18). Suppose 0 = h + v + v - 3, 23 = 4*h - r*v. What are the prime factors of h?
5
Suppose -1046*t - 3824 = -1050*t. List the prime factors of t.
2, 239
Let f be (12/10)/((-2)/(80/(-12))). List the prime factors of (2*7/8)/(1/f).
7
Let m(p) = -81*p + 587. List the prime factors of m(-5).
2,